9. Calculate the remainder when p is divided by n(-2).
27
Suppose 0 = -13*j + 3452 + 1215. What is the remainder when 1085 is divided by j?
8
Suppose -6*k + 1090 = 100. Calculate the remainder when k is divided by ((-8)/32)/(9 - 938/104).
9
Suppose -6*t + 1034 - 26 = 0. Let o = t - 166. Calculate the remainder when 9 is divided by o.
1
Let o(z) = -2*z - 4. Let d be o(-2). Suppose 2*r - 5*r + 4*a + 122 = d, -5*r = -2*a - 208. Calculate the remainder when 82 is divided by r.
40
Suppose -20*i - 2244 = -64*i. Let g = 331 + -186. Calculate the remainder when g is divided by i.
43
Let w(h) = -h**3 - 7*h**2 - 7*h + 15. Let z = -169 - -162. Calculate the remainder when w(z) is divided by 44*(2 - (-2 - 14/(-4))).
20
Suppose -30*a = 229 - 1819. Let y(j) = 40*j**2 - 3*j. Calculate the remainder when y(-3) is divided by a.
51
Suppose 114*n - 7559 = -35. What is the remainder when n is divided by (-5)/(-15) - 74/(-3)?
16
Suppose -644 = -3*p + 8*p + 4*z, -p - 133 = 5*z. Let w = p - -164. Calculate the remainder when 139 is divided by w.
31
Suppose q + 4*f - 10 = 2, 4*q - 5*f - 69 = 0. Let y be 1 + 1*(-1 - -2). Suppose -y*h = -h - q. What is the remainder when 27 is divided by h?
11
Calculate the remainder when 2568/12*4 - -18 is divided by 218.
2
Let p(c) = 7*c**2 - 4*c**2 - 21*c**2 + 78*c**2 - c + 2. Let x(b) = 2*b**2 + 7*b + 1. Calculate the remainder when p(1) is divided by x(-6).
30
Suppose -5427*k = -5396*k - 124. Suppose w - 9 = 17. Calculate the remainder when w is divided by k.
2
Suppose 17*o = 24*o - 3*v - 2919, 3*o - 5*v - 1225 = 0. Calculate the remainder when o is divided by 206.
8
Let o(l) = -l + 136. Let u(a) = a - 135. Let t(d) = -4*o(d) - 5*u(d). What is the remainder when t(6) is divided by 43?
39
What is the remainder when 2/(24/25212) + 4 is divided by 62?
59
Suppose -2*n = 5*j + 1652, 9*j - 6*j - 1684 = 2*n. Let k = n + 856. Suppose 0 = 5*q + 15, 16 = v + 4*q - 50. What is the remainder when v is divided by k?
18
Suppose -4*x = -3*x + 7, 1105 = 4*u - 3*x. What is the remainder when u is divided by 146?
125
Let r(a) = -3*a**3 + 25*a**2 - 6*a - 28. Let p(s) = -s**3 + 13*s**2 - 3*s - 14. Let t(z) = 7*p(z) - 3*r(z). Calculate the remainder when 26 is divided by t(-8).
6
Let i(w) = 27*w + 351. Let s be 5 + -2 - (-2)/(-2). Suppose -24 = -s*a - a. Calculate the remainder when i(-12) is divided by a.
3
Suppose -4*v = 19*v - 8119. Let g = v + -293. Calculate the remainder when 298 is divided by g.
58
Suppose -4*o = o - 2145. Calculate the remainder when o is divided by (-2 - (-35)/(-14))*-4.
15
Let i = 455 + 346. What is the remainder when i is divided by 370?
61
Suppose 66*b = -t + 67*b + 805, 3*b + 1608 = 2*t. Calculate the remainder when t is divided by 5.
2
Let s = -24 - -23. Suppose 15*z - 676 = 2*z. What is the remainder when z is divided by -1 + s/(4/(-48))?
8
Suppose -4*y = -4*p + 64, 32*p - 53 = 30*p + 5*y. Calculate the remainder when 3615 is divided by p.
6
Let d(n) = -37*n + 2. What is the remainder when d(-3) is divided by (60/(-36))/(-9 - 1648/(-192))?
1
Calculate the remainder when 853 is divided by (39/105 - (-40)/(-70))*-15.
1
Let w(g) = g**2. Let z = 9983 + -9910. Calculate the remainder when z is divided by w(-4).
9
Suppose -273 = -8*y + y. Let l = 210 + -114. Let t = 117 - l. What is the remainder when y is divided by t?
18
Let k = 11999 + -11520. Calculate the remainder when 1475 is divided by k.
38
Suppose 0 = 5*d - 4*b - 1019, -4*d - 196*b = -193*b - 840. Calculate the remainder when 415 is divided by d.
1
Let v be (8/20)/((-4)/(-20)). Suppose 0 = -4*u - 3*x + 688, 2*x - 330 = -v*u + 4*x. What is the remainder when u is divided by 19?
17
Let p(s) = 7*s + 51. Let x be p(-8). Calculate the remainder when (1 + 85)/(x/(-1) + -3) is divided by 25.
18
Let h(r) = 2*r**2 - 6*r + 8. Let t = -1 + 21. Suppose t = -10*v + 14*v. What is the remainder when h(v) is divided by 8?
4
Suppose -5*g + 11 + 4 = 0. Suppose -3*t = -2 - 13, -4*z + 51 = g*t. What is the remainder when 43 is divided by z?
7
What is the remainder when 675 is divided by ((-9900)/11)/(-4) - -1?
223
Let m(n) = -n**3 + 31*n**2 + 31*n + 68. Calculate the remainder when 184 is divided by m(32).
4
Let c = 17340 + -17117. Calculate the remainder when 1332 is divided by c.
217
Let o = 199 + -199. Suppose o = -5*j + 103 - 13. Calculate the remainder when 106 is divided by j.
16
Calculate the remainder when 3251 is divided by ((-3)/(-10))/((-338)/(-16900)).
11
Calculate the remainder when (-8)/52 - (1184/(-52))/(-8) - -289 is divided by 3.
1
Let z = 4056 - 3906. Calculate the remainder when z is divided by 11.
7
Let j = -113 - -261. Calculate the remainder when j/16*(8 - 4) is divided by 25.
12
Suppose n = b + 9 - 14, 2*b - 3*n - 13 = 0. Suppose 2*w + b*s = -218, 203 = -2*w + 5*s - 4*s. Calculate the remainder when 4 + 0 - (w - 3) is divided by 23.
19
Let i(b) be the third derivative of -5*b**4/12 - b**3/3 + 139*b**2. Calculate the remainder when 36/(-8)*(-12 + 0) is divided by i(-3).
26
Let x(y) = -y + 36. Let s be x(23). Suppose 0 = 4*m - g - 34, -5*m + s = -4*g - 35. Calculate the remainder when 118 is divided by m.
6
Let g(r) = r**2 + 11*r + 5. Calculate the remainder when g(-12) is divided by 8*(-2)/(-8)*5.
7
Calculate the remainder when 656 is divided by (-65130)/520*(-8)/6.
155
Let u = -212 + 257. Suppose 0 = 2*m + m - u. What is the remainder when 24 is divided by m?
9
Let i(a) = 11*a + 25. What is the remainder when i(7) is divided by (0 - 1) + -45*45/(-75)?
24
Suppose -6*i = -10*i + 60. Let n be (15/6)/((-2)/(-12)). Let y = 42 - n. Calculate the remainder when y is divided by i.
12
Suppose 15*d - 11*d = -60. Let a be 0 - (-130)/d*(-63)/6. Suppose -6*g + a + 77 = 0. What is the remainder when 110 is divided by g?
26
Suppose 0 = -49*v + 52*v + 6, z = -4*v + 4467. What is the remainder when z is divided by 121?
119
Let h(a) = -a**2 - 28*a - 53. Let w be h(-10). Let k = w - 124. Calculate the remainder when 7 is divided by k.
1
Suppose -80*v + 220474 + 497526 = 0. What is the remainder when v is divided by 2989?
8
Let n = 592 - 352. Suppose 5*g + 193*d - 198*d = 25, -2*d + 12 = 0. What is the remainder when n is divided by g?
9
Let b = -3022 - -3099. Calculate the remainder when 765 is divided by b.
72
Suppose 4*g - 1342 = 3*n, 127 = g - n - 208. Let b = g - 283. Calculate the remainder when 269 is divided by b.
53
Suppose 51*a = -12*a - 23*a + 10836. Calculate the remainder when 312 is divided by a.
60
Let k = 3455 - 2269. Calculate the remainder when k is divided by 4.
2
Let z = -686 - -965. What is the remainder when z is divided by ((-331)/(-7))/1 - (-96)/(-336)?
44
Suppose -9*i + 6*i = -171. Suppose -134 - 16 = -10*r. Calculate the remainder when i is divided by r.
12
Suppose 0 = 4*b - 2*n - 4, 3*n + 9 = 5*b + 2. Let g = 14 + b. Calculate the remainder when 140 is divided by g.
10
Let s(y) = 20*y + 1478. What is the remainder when 140 is divided by s(-73)?
14
Suppose -37 = -3*r - 10. Suppose 8 = 7*a - r*a. Calculate the remainder when 408/(7 + a) - 0 is divided by 35.
31
Let k(p) = 2*p**2 - 14*p + 13. Calculate the remainder when 158 is divided by k(8).
13
Let q = 7181 + -7127. Calculate the remainder when 12849 is divided by q.
51
Suppose 2*g + 80 = 4*z, -g + 93 = 2*z + 3*z. Let s = 40 + z. Let l(h) = 23*h**2. Calculate the remainder when s is divided by l(1).
13
Let l(b) = -b**3 + 4*b**2 + 3*b. Let s be l(4). Suppose 2*d = 10 + s. Calculate the remainder when d is divided by (41 + 3204/(-72))*(-10)/7.
1
Let p(b) = -57*b + 1210. What is the remainder when p(11) is divided by 289?
5
Let g(k) = -13*k + 9*k**3 - 3 + 34*k - 5*k**3 + 4*k**2 - 5*k**3 - 2. What is the remainder when g(-9) is divided by 86?
85
Let t(h) = 1337*h + 8108. What is the remainder when 844 is divided by t(-6)?
70
Suppose -26 = -v + 5. Suppose -2*i + 115 = -5*a + 36, -3*i + 25 = a. What is the remainder when v is divided by i?
7
Let o be (-10)/55 - (0 - (-524)/22). Let r be -2*3/4*(8 + o). What is the remainder when 19 is divided by (-6 - -4) + 4 - r/(-3)?
9
Let o(q) = -3*q + 534. Calculate the remainder when o(-163) is divided by 366.
291
Suppose 75 = 5*q - 5*f, -q + 23 = -5*f - 0. Suppose -q - 7 = -p. Calculate the remainder when 15*(3 + (-24)/p) is divided by 15.
12
Let w be 0/(-1*5/15*-3). 